In base 15, what is -10 - -8c5?
8b5
In base 4, what is 33223 - 3?
33220
In base 3, what is 102001 - -100?
102101
In base 9, what is 2 + 750?
752
In base 7, what is -6 + 21?
12
In base 5, what is 21 - 214?
-143
In base 14, what is 221 + 9?
22a
In base 9, what is -4635 + 3?
-4632
In base 8, what is -5 - 16040?
-16045
In base 3, what is 111020 - -10?
111100
In base 6, what is 51 + -4213?
-4122
In base 4, what is 3 - 1110322?
-1110313
In base 15, what is 3 + -47?
-44
In base 7, what is 12 + -245?
-233
In base 13, what is -3 - -32?
2c
In base 10, what is 2 + -317?
-315
In base 14, what is -5 + -457?
-45c
In base 8, what is 3 + -315?
-312
In base 2, what is 101111111 + -1?
101111110
In base 3, what is -2 - 0?
-2
In base 15, what is -2 - -85d?
85b
In base 8, what is -37 + 7?
-30
In base 3, what is -11100 - -2?
-11021
In base 3, what is 0 - 21022?
-21022
In base 2, what is -101101011 + -111?
-101110010
In base 12, what is -233 + -5?
-238
In base 15, what is -21d - -2?
-21b
In base 12, what is 1 + 41?
42
In base 3, what is 11 + -1012001?
-1011220
In base 12, what is a1 - -36?
117
In base 4, what is 110 + 1300?
2010
In base 11, what is 1a + -2a?
-10
In base 11, what is 1 - -146?
147
In base 7, what is -232 - 2?
-234
In base 2, what is -100 - -1000111?
1000011
In base 13, what is -1506 - -3?
-1503
In base 5, what is 3 - -11204?
11212
In base 6, what is -211141 - -2?
-211135
In base 3, what is 2 + -1011010?
-1011001
In base 16, what is 4 - 12e3?
-12df
In base 3, what is -122 + -11021?
-11220
In base 5, what is 4 + 11412?
11421
In base 2, what is 110111 - -11000?
1001111
In base 3, what is 20122 + -12?
20110
In base 3, what is 11 + -20120112?
-20120101
In base 8, what is 11700 + -4?
11674
In base 7, what is -10 + -60?
-100
In base 7, what is -206 - -24?
-152
In base 10, what is -87 + -2?
-89
In base 15, what is -1 - 3e8?
-3e9
In base 12, what is -15 + 1aa?
195
In base 8, what is -4 + 160?
154
In base 2, what is 101 - 11011110?
-11011001
In base 8, what is 1 + -10745?
-10744
In base 9, what is 32 + -3?
28
In base 8, what is -1 + 64?
63
In base 8, what is 3723 + 0?
3723
In base 15, what is -bc + 18?
-a4
In base 11, what is 1 - 97?
-96
In base 4, what is 2 + 1023?
1031
In base 2, what is 100010 - -10?
100100
In base 16, what is -5 - 4c?
-51
In base 15, what is 5c + -4?
58
In base 9, what is -87 - 1?
-88
In base 12, what is 8 - -8?
14
In base 10, what is -41 + -1?
-42
In base 16, what is -1 + 8?
7
In base 9, what is -435 + 30?
-405
In base 9, what is 11 - -62?
73
In base 5, what is -3014 - -41?
-2423
In base 2, what is 111101011 - -11?
111101110
In base 16, what is -83c - -4?
-838
In base 9, what is -17 + 20?
2
In base 4, what is -12 + 202?
130
In base 15, what is 96 - -60?
106
In base 13, what is -1665 + 1?
-1664
In base 9, what is 2 - -1506?
1508
In base 7, what is 1 + -31530?
-31526
In base 13, what is -18 - 6?
-21
In base 5, what is -20 + -31?
-101
In base 9, what is -7 - 133?
-141
In base 8, what is 6 + 5752?
5760
In base 6, what is -13 + -42?
-55
In base 9, what is 15 - 158?
-143
In base 4, what is 1 - 1201?
-1200
In base 15, what is 8 - -651?
659
In base 8, what is 2 + 2430?
2432
In base 4, what is 13213 - 0?
13213
In base 8, what is -1677 + -4?
-1703
In base 16, what is 2 + -1?
1
In base 16, what is 4f + 2?
51
In base 15, what is -5631 + -1?
-5632
In base 16, what is -3c4 + 0?
-3c4
In base 7, what is -5 + 24336?
24331
In base 15, what is 1ed5 + -5?
1ed0
In base 12, what is -1 - -44?
43
In base 10, what is 2 + 11?
13
In base 16, what is 75 + -a?
6b
In base 10, what is -11 - 2?
-13
In base 10, what is -2 - -419?
417
In base 2, what is -10100000 + -100110?
-11000110
In base 9, what is 5244 - -2?
5246
In base 15, what is -6 - 3a0?
-3a6
In base 12, what is 2 + 47?
49
In base 3, what is -112011020 + 11?
-112011002
In base 12, what is 0 - -a7?
a7
In base 7, what is 13 + 342?
355
In base 8, what is -1 + -475?
-476
In base 10, what is -5 + -603?
-608
In base 6, what is 1 + 10?
11
In base 6, what is 5 - 403?
-354
In base 10, what is 100 - -1?
101
In base 11, what is 3a + -5?
35
In base 8, what is 7 + -270?
-261
In base 6, what is 3 - 0?
3
In base 12, what is 5 + 0?
5
In base 13, what is 12 - -35?
47
In base 15, what is -17 - 44?
-5b
In base 15, what is 146 + -5?
141
In base 16, what is 27 + 9?
30
In base 15, what is -69 + -4?
-6d
In base 4, what is -3 + -3332?
-10001
In base 5, what is -10 - -120?
110
In base 2, what is -1011 + -1001101?
-1011000
In base 5, what is 12320 + 11?
12331
In base 15, what is 4 - 496?
-492
In base 13, what is -1bc - -4?
-1b8
In base 7, what is -23 + -202?
-225
In base 14, what is 12 - -3?
15
In base 3, what is 10001222 + -2?
10001220
In base 10, what is 4 + 41?
45
In base 10, what is -4 + -138?
-142
In base 4, what is -20 - 11132?
-11212
In base 13, what is -4 - -17?
13
In base 6, what is 443 - 4?
435
In base 2, what is -111 - -101000001?
100111010
In base 15, what is 63e + -e?
630
In base 3, what is 11020 + 12?
11102
In base 5, what is -10034 - 33?
-10122
In base 9, what is -5475 - -2?
-5473
In base 15, what is -eba6 + 1?
-eba5
In base 8, what is -444 + -3?
-447
In base 6, what is 2 + -31135?
-31133
In base 8, what is -13 - -457?
444
In base 10, what is 6 - -12?
18
In base 9, what is 1257 + -10?
1247
In base 12, what is 63 + 44?
a7
In base 14, what is 9a8 - 4?
9a4
In base 8, what is 1 - 62?
-61
In base 14, what is 20 + 15a?
17a
In base 3, what is 12 + -2122?
-2110
In base 11, what is 138 + -94?
54
In base 16, what is 5715 - -5?
571a
In base 13, what is -2 + -4329?
-432b
In base 15, what is 1073 + 1?
1074
In base 9, what is 6 + -2332?
-2325
In base 5, what is 1241432 - 3?
1241424
In base 4, what is -121333 - -10?
-121323
In base 6, what is 5 - -333?
342
In base 12, what is -5 - 1a73?
-1a78
In base 7, what is 2335 + 14?
2352
In base 8, what is -1017 - 4?
-1023
In base 2, what is 101 - -11010110?
11011011
In base 11, what is 1 - 272?
-271
In base 4, what is 10 - 1333?
-1323
In base 15, what is 9 - 6?
3
In base 13, what is 1 - 11?
-10
In base 8, what is 5 - 13?
-6
In base 15, what is -4 - -40?
3b
In base 16, what is 5 + c?
11
In base 8, what is -5 + -20?
-25
In base 8, what is -64 - 130?
-214
In base 12, what is 82 - 2?
80
In base 4, what is -2002 - 0?
-2002
In base 8, what is 3 + -24?
-21
In base 2, what is -10011 + -101?
-11000
In base 2, what is -1 + 100110110?
100110101
In base 7, what is 11 - -25?
36
In base 11, what is -22a7 + 5?
-22a2
In base 7, what is -1321 - 32?
-1353
In base 9, what is 815 - 4?
811
In base 15, what is -7a - -15?
-65
In base 16, what is -5 - 9?
-e
In base 13, what is -1409 - 4?
-1410
In base 6, what is -11 - -11504?
11453
In base 3, what is -11 - -212000?
211212
In base 10, what is 2410 + 4?
2414
In base 6, what is -13 - 253?
-310
In base 7, what is -13 - 13?
-26
In base 16, what is -2 - -2a8?
2a6
In base 8, what is 1 - 100?
-77
In base 4, what is 12230 - -11?
12301
In base 5, what is -232 + -22?
-304
In base 10, what is 681 - -13?
694
In base 14, what is -5 - 2a7?
-2ac
In base 10, what is 4 + 144?
148
In base 2, what is -1010011 + -11?
-1010110
In base 8, what is -30144 + -4?
-30150
In base 2, what is -101000001 + -1001?
-101001010
In base 7, what is 12 + 31?
43
In base 3, what is -1022 + 121?
-201
In base 7, what is -23 - -13?
-10
In base 4, what is 100 - 1122?
-1022
In base 9, what is -1315 + -4?
-1320
In base 15, what is -a3 + 3?
-a0
In base 13, what is 8c + -1?
8b
In base 14, what is 2dc8 - 1?
2dc7
In base 12, what is -2 - 97a?
-980
In base 14, what is 76c - 6?
766
In base 10, what is 23 + -25?
-2
In base 3, what is -1122010 + 1?
-1122002
In base 15, what is ad - -5?
b3
In base 12, what is 8a12 + 5?
8a17
In base 6, what is -15504 + -1?
-15505
In base 13, what is 28 - -3?
2b
In base 6, what is -5 - 113?
-122
In base 16, what is -b9 - -5?
-b4
In base 11, what is 6 - -4?
a
In base 10, what is 4 - -26?
30
In base 13, what is -681 + -3?
-684
In base 9, what is 1143 + 6?
1150
In base 2, what is -1 + -11000101110?
-11000101111
In base 14, what is 3 + -829?
-826
In base 8, what is -4 - -1246?
1242
In base 6, what is -130 - -33?
-53
In base 15, what is 3 + 69?
6c
In base 9, what is -2 - -100?
87
In base 4, what is 13 - 1021?
-1002
In base 4, what is -10133 - -2?
-10131
In base 13, what is 16a2 - 2?
16a0
In base